/j*2*(-2 + 3). Let g(z) = z**3 + 8*z**2 - 7*z + 10. Determine g(m).
-8
Let s = -18855 - -18849. Let o(c) = c**2 + 5*c - 8. Give o(s).
-2
Let h(l) = -2*l**3 - 5*l**2 - l - 13. Let k(f) = -141*f + 282. Let v be k(2). Calculate h(v).
-13
Let z(k) = 6*k**2 + 12*k - 5. Let v(c) = c**2 + 2*c. Let x(u) = 3*v(u) - z(u). Suppose 5*w + 10 = 3*w. Determine x(w).
-40
Let k(h) = -46*h**2 - 20*h + 10. Let p(z) = 77*z**2 + 39*z - 21. Let y(d) = -5*k(d) - 3*p(d). Determine y(-16).
29
Let b(z) = -5*z**2 + 4*z - 3. Let n = 189 - 123. Let v be (-4)/(390/(-96) - -4). Let w = n - v. What is b(w)?
-15
Let f(a) be the third derivative of 0 + 0*a + 16*a**2 + 1/6*a**4 + 1/3*a**3. Determine f(-2).
-6
Let o(y) = -y**3 + y**2 - 18. Suppose -14*u + 38 = -4. Suppose u*g = -2*d + 52, 3*g = d + 5 + 59. Suppose 0 = 5*r + 4*p - g, 0 = r - 5*r + 3*p - 15. Give o(r).
-18
Let h(p) = -p**3 - 6*p**2 - 8*p - 4. Let i = 914 + -919. Give h(i).
11
Let w(y) = y**3 + 12*y**2 + 7*y - 17. Suppose 144 = -238*c + 226*c. What is w(c)?
-101
Let g(p) = -21*p + 161 + 66 + 210 - 125 + 174. Calculate g(23).
3
Let m(f) = f**3 + 10. Let x = -144 + 144. Suppose -63*t + 69*t = x. What is m(t)?
10
Let j = -4749 + 4813. Let i(y) = -y**2 - 7*y. Let k be i(-6). Let r(a) = -a + k*a + 66 + 2*a**2 - j. What is r(-3)?
5
Let z(a) = a**2 - 7*a - 1. Let f be z(8). Let g(r) be the second derivative of 0 - 5*r**2 + 1/3*r**3 + 9*r - 1/20*r**5 + 7/12*r**4. Calculate g(f).
4
Let z(o) = 2*o**2 + 7*o - 8. Let h(k) = -k**2 - 13*k + 106. Let s be h(-19). Determine z(s).
64
Let a(q) = 11*q - 4. Let p be 43/(731/170) - 4. What is a(p)?
62
Let g(n) be the second derivative of 31*n**4/12 - 5*n**3/6 + n**2/2 + 2093*n - 2. Give g(1).
27
Let k(i) = -6*i + 19. Let p = 1926 + -1921. Determine k(p).
-11
Let n = 2723 - 2708. Let l(v) = -v**2 + 18*v - 39. What is l(n)?
6
Let c(u) = u + 6. Let d(l) = l**3 - l**2 + l + 1. Let n be d(5). Let y = 115 - n. Suppose -y*o = -6*o. Determine c(o).
6
Let t(j) be the second derivative of -j**4/12 + 3*j**3/2 - 2*j**2 + 1416*j. Calculate t(9).
-4
Let o(a) = a**2 + 18*a + 59. Let b = -1644 + 1639. Give o(b).
-6
Let w(k) = 2*k**3 - k**2 - 5*k + 4. Let m(b) be the first derivative of -b**4/4 + 2*b**2 - 3*b + 30. Let o(s) = -4*m(s) - 3*w(s). Calculate o(3).
-30
Let b(p) be the second derivative of 39*p - 1/6*p**3 + 5/2*p**2 - 1/3*p**4 - 1/20*p**5 + 0. Suppose -n = -2*s - 4, -4*n + 2*s - 6 = 2. Determine b(n).
9
Let n(c) = 3*c - 3. Let p = -97 - -138. Let t be 1 + -2 + 15/((-210)/518). Let v = t + p. What is n(v)?
6
Let a(x) be the first derivative of x**4/8 + 3*x**3/2 + 2*x**2 - 11*x - 163. Let w(n) be the second derivative of a(n). Give w(-5).
-6
Let c(l) = -2*l**2 - 31*l - 12. Let v(y) = 7*y**2 + 121*y + 48. Let h(g) = -11*c(g) - 3*v(g). Calculate h(23).
11
Suppose -5*w - 82 = 13*k - 17*k, 5*k - 82 = -4*w. Suppose -3*m + 1 = -2*m. Let q be (k/(-10))/((-12)/40) - m. Let l(r) = -2*r + 2. Determine l(q).
-8
Let z(x) = -2*x**2 + 9*x + 37. Let c be z(7). Suppose 29*g + c = 31*g. Let f(k) = -17*k**3 + k - 1. Determine f(g).
-17
Let l(r) = -23*r**3 - 3*r**2 - 14*r + 3. Let g(d) = -40*d**3 - 6*d**2 - 25*d + 8. Let t(m) = 4*g(m) - 7*l(m). Determine t(3).
5
Let b(q) = 8*q - 3. Let j(w) = 3*w**2 + 75*w - 167. Let z be j(-27). Calculate b(z).
-43
Let d(r) = 6 + 0 - r**2 - 1 - 11*r. Let w = 9310 - 9322. What is d(w)?
-7
Suppose 0 = g, -2*q - g - 5 = 3*q. Let m be (-15 + q)*6/(-4). Suppose 4*b + m = 10*b. Let n(l) = l**2 - 4*l - 2. Calculate n(b).
-2
Let r(o) = -2*o**3 + 5*o**2 - 4*o. Let v(p) = -p**3 - p - 17 - p**2 - 8 + 30*p**2 - 26*p. Suppose -4*d + 140 = d. Let i be v(d). Calculate r(i).
-21
Let m(x) be the first derivative of 3*x - 39 - 5/2*x**2. What is m(2)?
-7
Let z(m) = m**3 + 61*m**2 + 182*m + 459. Let g be z(-58). Let t(w) be the second derivative of -w**4/12 - 2*w**3/3 - w**2 + 2*w. Determine t(g).
-7
Let y(t) = 156*t + 1299. Let p(a) = 12*a + 97. Let w(g) = 27*p(g) - 2*y(g). Determine w(-2).
-3
Suppose 4*r - 5 = 3. Let c(a) = 0*a - 1 + a**3 + 4*a - 2*a + r*a**2 + 0. Let b(k) = -950*k + 17098. Let f be b(18). Give c(f).
-5
Let u = -24 + 16. Let g(t) = 8*t**2 - 3*t - 7 + 245*t**3 + 0*t - 225*t**3 - 19*t**3. Determine g(u).
17
Let j = 72 + -65. Suppose 3*s - 2*h - 1 = 0, 5*h = -5*s - j + 42. Let b(f) = -f**2 - s*f - 5*f - 2 + 4*f. Calculate b(-4).
-2
Let n = -5008 + 5002. Let w(c) = 4*c + 24. Determine w(n).
0
Let x be 11/2 + 9129/(-1074). Let z(f) be the third derivative of f**6/120 - f**4/24 - 2*f**3/3 + f**2. Calculate z(x).
-28
Let l(u) = -8*u**3 - 2*u**2 - 14*u - 39. Let p(h) = -h**3 + h**2 - 2*h + 1. Let o(c) = -l(c) + 9*p(c). Determine o(11).
4
Suppose -5*m + 50 = 5*m. Suppose 35 + m = -5*q - 4*g, 3*g + 31 = -4*q. Let u(s) = -s - 2. Give u(q).
2
Let s(k) = k**3 + 4*k**2 - 6*k + 2. Suppose -661 = 146*f + 69. Determine s(f).
7
Let x(u) = 3*u**2 - 2*u + 2. Let q(g) = -4*g**2 - 6*g + 2. Let t(j) = -3*j**2 - 5*j + 2. Let c(r) = -4*q(r) + 5*t(r). Let s(v) = -2*c(v) + x(v). What is s(-3)?
7
Let o(u) = u**3 + 9 - 39*u**2 + 80*u**2 - 37*u**2 - 6*u. Let y be o(-5). Let x(l) = y*l - 18*l + 23*l. Determine x(-1).
-19
Suppose 14 = 2*y + s - 109, -y - 3*s = -54. Let h = y - 56. Let w(d) = -11 - 13 + 22 + 2*d. Give w(h).
12
Let s(a) = -2*a. Let n be (-69)/(-21) - 3 - 12/(-7). Suppose n*w + 3*w = v + 18, -5*v + 22 = 3*w. Suppose -4 = -v*g + o, -g - 1 = -2*o - 0*o. What is s(g)?
-6
Let v(r) = -886*r + 213*r + 231*r + 219*r + 219*r - 4. Suppose 0 = -t + z - 1, -t + 4 = z + 9. Calculate v(t).
8
Let o(t) be the first derivative of t**3/3 + 5*t**2/2 - 5*t - 1192. Calculate o(-4).
-9
Let z(v) = v**3 - v**2 - v. Let u(n) = 3*n**3 - 6*n**2 - 3. Let g(f) = f**3 + 35*f**2 - 2. Let r be g(-35). Let p(k) = r*z(k) + u(k). Give p(4).
5
Let b(v) = v**2 + 8*v + 5. Let z(x) = x + 15. Let c be z(0). Let s be (-6)/(-30) - (333/15 - -1). Let r = s + c. Calculate b(r).
5
Let i(g) = -g**2 - 2*g - 4. Suppose 3*z - 4*n = 4, -2*z - 3*n + 8 = -6. Let h be (-94)/94*(z + -1 + 0). Give i(h).
-7
Let k(h) = h + 15. Suppose -5*u + 6*u = -13. Let y be k(u). Suppose y*d - 4*d - 22 = 0. Let m(i) = -i**3 - 12*i**2 - 12*i - 9. Calculate m(d).
2
Let u(s) = -s**2. Let k = -229 + 231. Suppose -3*l = v + 7, 2*l - 2*v - k - 4 = 0. Determine u(l).
-1
Suppose -9*d + 48 = -3*d. Let a(h) = -7*h**3 + 3*h**2 + 32*h - 17. Let l(x) = 6*x**3 - 4*x**2 - 26*x + 16. Let v(i) = -5*a(i) - 6*l(i). What is v(d)?
21
Let a(k) = k**3 - 2*k**2 - 62*k + 5. Let m(c) = -c**3 + c**2 + 37*c - 3. Let u(z) = 3*a(z) + 5*m(z). What is u(-2)?
14
Let l(o) = -o**2 - 16*o - 19. Let k be l(-14). Suppose -6*w + k + 15 = 0. Let g(j) be the second derivative of j**3/3 + j**2/2 + 15*j. Give g(w).
9
Let s(c) be the first derivative of 7*c**2/2 - c - 603. Give s(1).
6
Suppose 49*z - 12*z = 370. Suppose 3*n - 4 = -n. Let s(c) = n + 11*c**2 - 2*c**3 + 0 + c**3 - 11*c. What is s(z)?
-9
Let g(q) = -20*q**3 + 6*q + 566 - q**2 + 21*q**3 - 573. Calculate g(3).
29
Let p(y) = -4*y + 11. Let z(x) = 2*x - 6. Let u(s) = 3*p(s) + 5*z(s). Suppose -29*q + 26 = -107 - 12. What is u(q)?
-7
Let r(b) = 2*b + 9. Let z(t) = 54*t - 32*t + 4 + 3*t**2 + t**3 - t**2 - 35*t. Let f be z(-5). Give r(f).
-3
Let i(w) = w**2 + 9*w + 8. Suppose -58*d + 50*d + 128 = 0. Suppose m - 3*z = -d, -5*z - 1 + 9 = 3*m. Determine i(m).
-12
Let n = 761 - -139. Let j(h) = h**2 + 900 - n - 7*h**3. Give j(-1).
8
Let i(o) = 25 - 11 + 203*o + 5*o**2 - 8 - 204*o - 6. Let z be (-2)/9 - 11/(-9). Give i(z).
4
Let r(t) be the second derivative of -t**4/6 + 5*t**3/6 - 5*t**2 - 3655*t. Give r(-6).
-112
Suppose 6 = -2*u + 3*t, -21*u - 9 = -16*u - 6*t. Let p(q) be the first derivative of 1/3*q**u + q**2 - 1 - q. Calculate p(-4).
7
Let r(g) = -g**2 - 3*g + 14. Suppose -3*v = s + 20, 0 = v - 16*s + 12*s + 11. What is r(v)?
-14
Let t(v) = -v**3 + 4*v**2 + 3*v. Suppose -4*s - 1551 = 5*c, -46*c = -4*s - 47*c - 1555. Let u = 394 + s. Calculate t(u).
-10
Let b be -3 + 3 - (-6)/3. Let n(r) = b - 3 + 11*r - 3 - 10*r. Suppose 3 = 5*l + a, -702*l - 3*a = -707*l - 9. Give n(l).
-4
Let x(k) = 6*k - 5. Let p be x(-6). Let w = p + -11. Let q be (-3)/(-6) - w/(-8). Let y(b) = -4*b - 9. Calculate y(q).
15
Let t(w) = -w**2 + 2*w + 231. Let x be t(16). Let p(o) = -14*o + 10. Calculate p(x).
-88
Let z(x) = -x**2 + 2*x + 80. Let t = 19043 + -19033. Determine z(t)